{"id":45,"date":"2026-03-24T12:01:56","date_gmt":"2026-03-24T12:01:56","guid":{"rendered":"https:\/\/termotim.si\/?page_id=45"},"modified":"2026-04-02T11:36:12","modified_gmt":"2026-04-02T11:36:12","slug":"sanitarna-oprema","status":"publish","type":"page","link":"https:\/\/termotim.si\/index.php\/sanitarna-oprema\/","title":{"rendered":"Sanitarna oprema"},"content":{"rendered":"\n<p><strong>V Termotim poskrbimo za dobavo in strokovno monta\u017eo kakovostne sanitarne opreme za kopalnice, kuhinje in tehni\u010dne prostore.<\/strong><\/p>\n\n\n<div class=\"wp-block-image is-style-default\">\n<figure data-wp-context=\"{&quot;imageId&quot;:&quot;69e23f951b8aa&quot;}\" data-wp-interactive=\"core\/image\" data-wp-key=\"69e23f951b8aa\" class=\"aligncenter size-large is-resized wp-lightbox-container\"><img fetchpriority=\"high\" decoding=\"async\" width=\"1024\" height=\"576\" data-wp-class--hide=\"state.isContentHidden\" data-wp-class--show=\"state.isContentVisible\" data-wp-init=\"callbacks.setButtonStyles\" data-wp-on--click=\"actions.showLightbox\" data-wp-on--load=\"callbacks.setButtonStyles\" data-wp-on-window--resize=\"callbacks.setButtonStyles\" src=\"https:\/\/termotim.si\/wp-content\/uploads\/2026\/03\/sanitarna-oprema-2-2-1024x576.jpg\" alt=\"\" class=\"wp-image-541\" style=\"width:615px;height:auto\" srcset=\"https:\/\/termotim.si\/wp-content\/uploads\/2026\/03\/sanitarna-oprema-2-2-1024x576.jpg 1024w, https:\/\/termotim.si\/wp-content\/uploads\/2026\/03\/sanitarna-oprema-2-2-300x169.jpg 300w, https:\/\/termotim.si\/wp-content\/uploads\/2026\/03\/sanitarna-oprema-2-2-768x432.jpg 768w, https:\/\/termotim.si\/wp-content\/uploads\/2026\/03\/sanitarna-oprema-2-2-1536x864.jpg 1536w, https:\/\/termotim.si\/wp-content\/uploads\/2026\/03\/sanitarna-oprema-2-2.jpg 1920w\" sizes=\"(max-width: 1024px) 100vw, 1024px\" \/><button\n\t\t\tclass=\"lightbox-trigger\"\n\t\t\ttype=\"button\"\n\t\t\taria-haspopup=\"dialog\"\n\t\t\taria-label=\"Pove\u010daj\"\n\t\t\tdata-wp-init=\"callbacks.initTriggerButton\"\n\t\t\tdata-wp-on--click=\"actions.showLightbox\"\n\t\t\tdata-wp-style--right=\"state.imageButtonRight\"\n\t\t\tdata-wp-style--top=\"state.imageButtonTop\"\n\t\t>\n\t\t\t<svg xmlns=\"http:\/\/www.w3.org\/2000\/svg\" width=\"12\" height=\"12\" fill=\"none\" viewBox=\"0 0 12 12\">\n\t\t\t\t<path fill=\"#fff\" d=\"M2 0a2 2 0 0 0-2 2v2h1.5V2a.5.5 0 0 1 .5-.5h2V0H2Zm2 10.5H2a.5.5 0 0 1-.5-.5V8H0v2a2 2 0 0 0 2 2h2v-1.5ZM8 12v-1.5h2a.5.5 0 0 0 .5-.5V8H12v2a2 2 0 0 1-2 2H8Zm2-12a2 2 0 0 1 2 2v2h-1.5V2a.5.5 0 0 0-.5-.5H8V0h2Z\" \/>\n\t\t\t<\/svg>\n\t\t<\/button><\/figure>\n<\/div>\n\n\n<p><strong>Zanesljiva izvedba in pravilna monta\u017ea sta klju\u010dni za dolgo \u017eivljenjsko dobo, brezhibno delovanje in popolno funkcionalnost va\u0161e kopalnice, kuhinje ali tehni\u010dnih prostorov.<\/strong> <strong>Uporabljamo le preverjene materiale, ki zagotavljajo kakovosten rezultat brez pu\u0161\u010danj, vibracij in drugih nepravilnosti.<\/strong><\/p>\n\n\n<div class=\"wp-block-image\">\n<figure data-wp-context=\"{&quot;imageId&quot;:&quot;69e23f951bd06&quot;}\" data-wp-interactive=\"core\/image\" data-wp-key=\"69e23f951bd06\" class=\"aligncenter size-large is-resized wp-lightbox-container\"><img decoding=\"async\" width=\"1024\" height=\"576\" data-wp-class--hide=\"state.isContentHidden\" data-wp-class--show=\"state.isContentVisible\" data-wp-init=\"callbacks.setButtonStyles\" data-wp-on--click=\"actions.showLightbox\" data-wp-on--load=\"callbacks.setButtonStyles\" data-wp-on-window--resize=\"callbacks.setButtonStyles\" src=\"https:\/\/termotim.si\/wp-content\/uploads\/2026\/03\/sanitarna-oprema-1-1024x576.jpg\" alt=\"\" class=\"wp-image-486\" style=\"width:613px;height:auto\" srcset=\"https:\/\/termotim.si\/wp-content\/uploads\/2026\/03\/sanitarna-oprema-1-1024x576.jpg 1024w, https:\/\/termotim.si\/wp-content\/uploads\/2026\/03\/sanitarna-oprema-1-300x169.jpg 300w, https:\/\/termotim.si\/wp-content\/uploads\/2026\/03\/sanitarna-oprema-1-768x432.jpg 768w, https:\/\/termotim.si\/wp-content\/uploads\/2026\/03\/sanitarna-oprema-1-1536x864.jpg 1536w, https:\/\/termotim.si\/wp-content\/uploads\/2026\/03\/sanitarna-oprema-1.jpg 1920w\" sizes=\"(max-width: 1024px) 100vw, 1024px\" \/><button\n\t\t\tclass=\"lightbox-trigger\"\n\t\t\ttype=\"button\"\n\t\t\taria-haspopup=\"dialog\"\n\t\t\taria-label=\"Pove\u010daj\"\n\t\t\tdata-wp-init=\"callbacks.initTriggerButton\"\n\t\t\tdata-wp-on--click=\"actions.showLightbox\"\n\t\t\tdata-wp-style--right=\"state.imageButtonRight\"\n\t\t\tdata-wp-style--top=\"state.imageButtonTop\"\n\t\t>\n\t\t\t<svg xmlns=\"http:\/\/www.w3.org\/2000\/svg\" width=\"12\" height=\"12\" fill=\"none\" viewBox=\"0 0 12 12\">\n\t\t\t\t<path fill=\"#fff\" d=\"M2 0a2 2 0 0 0-2 2v2h1.5V2a.5.5 0 0 1 .5-.5h2V0H2Zm2 10.5H2a.5.5 0 0 1-.5-.5V8H0v2a2 2 0 0 0 2 2h2v-1.5ZM8 12v-1.5h2a.5.5 0 0 0 .5-.5V8H12v2a2 2 0 0 1-2 2H8Zm2-12a2 2 0 0 1 2 2v2h-1.5V2a.5.5 0 0 0-.5-.5H8V0h2Z\" \/>\n\t\t\t<\/svg>\n\t\t<\/button><\/figure>\n<\/div>\n\n\n<p>       <strong>Nudimo celostno storitev:<\/strong><\/p>\n\n\n<div class=\"wp-block-image\">\n<figure data-wp-context=\"{&quot;imageId&quot;:&quot;69e23f951c0fe&quot;}\" data-wp-interactive=\"core\/image\" data-wp-key=\"69e23f951c0fe\" class=\"alignright size-large is-resized wp-lightbox-container\"><img decoding=\"async\" width=\"1024\" height=\"576\" data-wp-class--hide=\"state.isContentHidden\" data-wp-class--show=\"state.isContentVisible\" data-wp-init=\"callbacks.setButtonStyles\" data-wp-on--click=\"actions.showLightbox\" data-wp-on--load=\"callbacks.setButtonStyles\" data-wp-on-window--resize=\"callbacks.setButtonStyles\" src=\"https:\/\/termotim.si\/wp-content\/uploads\/2026\/03\/sanitarna-oprema-3-2-1024x576.jpg\" alt=\"\" class=\"wp-image-542\" style=\"width:681px;height:auto\" srcset=\"https:\/\/termotim.si\/wp-content\/uploads\/2026\/03\/sanitarna-oprema-3-2-1024x576.jpg 1024w, https:\/\/termotim.si\/wp-content\/uploads\/2026\/03\/sanitarna-oprema-3-2-300x169.jpg 300w, https:\/\/termotim.si\/wp-content\/uploads\/2026\/03\/sanitarna-oprema-3-2-768x432.jpg 768w, https:\/\/termotim.si\/wp-content\/uploads\/2026\/03\/sanitarna-oprema-3-2-1536x864.jpg 1536w, https:\/\/termotim.si\/wp-content\/uploads\/2026\/03\/sanitarna-oprema-3-2.jpg 1920w\" sizes=\"(max-width: 1024px) 100vw, 1024px\" \/><button\n\t\t\tclass=\"lightbox-trigger\"\n\t\t\ttype=\"button\"\n\t\t\taria-haspopup=\"dialog\"\n\t\t\taria-label=\"Pove\u010daj\"\n\t\t\tdata-wp-init=\"callbacks.initTriggerButton\"\n\t\t\tdata-wp-on--click=\"actions.showLightbox\"\n\t\t\tdata-wp-style--right=\"state.imageButtonRight\"\n\t\t\tdata-wp-style--top=\"state.imageButtonTop\"\n\t\t>\n\t\t\t<svg xmlns=\"http:\/\/www.w3.org\/2000\/svg\" width=\"12\" height=\"12\" fill=\"none\" viewBox=\"0 0 12 12\">\n\t\t\t\t<path fill=\"#fff\" d=\"M2 0a2 2 0 0 0-2 2v2h1.5V2a.5.5 0 0 1 .5-.5h2V0H2Zm2 10.5H2a.5.5 0 0 1-.5-.5V8H0v2a2 2 0 0 0 2 2h2v-1.5ZM8 12v-1.5h2a.5.5 0 0 0 .5-.5V8H12v2a2 2 0 0 1-2 2H8Zm2-12a2 2 0 0 1 2 2v2h-1.5V2a.5.5 0 0 0-.5-.5H8V0h2Z\" \/>\n\t\t\t<\/svg>\n\t\t<\/button><\/figure>\n<\/div>\n\n\n<ul class=\"wp-block-list\">\n<li> <strong>svetovanje pri izbiri sanitarne opreme<\/strong><\/li>\n\n\n\n<li><strong>demonta\u017eo starih elementov<\/strong><\/li>\n\n\n\n<li><strong>pripravo\/predelavo priklju\u010dkov in in\u0161talacij<\/strong><\/li>\n\n\n\n<li><strong>strokovno monta\u017eo vseh vrst sanitarnih elementov<\/strong><\/li>\n\n\n\n<li><strong>tesnjenje, nastavitev in kon\u010dno preverjanje delovanja<\/strong><\/li>\n<\/ul>\n","protected":false},"excerpt":{"rendered":"<p>V Termotim poskrbimo za dobavo in strokovno monta\u017eo kakovostne sanitarne opreme za kopalnice, kuhinje in tehni\u010dne prostore. Zanesljiva izvedba in pravilna monta\u017ea sta klju\u010dni za dolgo \u017eivljenjsko dobo, brezhibno delovanje in popolno funkcionalnost va\u0161e kopalnice, kuhinje ali tehni\u010dnih prostorov. Uporabljamo le preverjene materiale, ki zagotavljajo kakovosten rezultat brez pu\u0161\u010danj, vibracij in drugih nepravilnosti. Nudimo celostno&hellip;&nbsp;<\/p>\n","protected":false},"author":1,"featured_media":0,"parent":0,"menu_order":0,"comment_status":"closed","ping_status":"closed","template":"","meta":{"neve_meta_sidebar":"","neve_meta_container":"","neve_meta_enable_content_width":"","neve_meta_content_width":0,"neve_meta_title_alignment":"","neve_meta_author_avatar":"","neve_post_elements_order":"","neve_meta_disable_header":"","neve_meta_disable_footer":"","neve_meta_disable_title":"","footnotes":""},"class_list":["post-45","page","type-page","status-publish","hentry"],"_links":{"self":[{"href":"https:\/\/termotim.si\/index.php\/wp-json\/wp\/v2\/pages\/45","targetHints":{"allow":["GET"]}}],"collection":[{"href":"https:\/\/termotim.si\/index.php\/wp-json\/wp\/v2\/pages"}],"about":[{"href":"https:\/\/termotim.si\/index.php\/wp-json\/wp\/v2\/types\/page"}],"author":[{"embeddable":true,"href":"https:\/\/termotim.si\/index.php\/wp-json\/wp\/v2\/users\/1"}],"replies":[{"embeddable":true,"href":"https:\/\/termotim.si\/index.php\/wp-json\/wp\/v2\/comments?post=45"}],"version-history":[{"count":8,"href":"https:\/\/termotim.si\/index.php\/wp-json\/wp\/v2\/pages\/45\/revisions"}],"predecessor-version":[{"id":607,"href":"https:\/\/termotim.si\/index.php\/wp-json\/wp\/v2\/pages\/45\/revisions\/607"}],"wp:attachment":[{"href":"https:\/\/termotim.si\/index.php\/wp-json\/wp\/v2\/media?parent=45"}],"curies":[{"name":"wp","href":"https:\/\/api.w.org\/{rel}","templated":true}]}}